e thousands digit of 101834621?
4
What is the thousands digit of 35794350?
4
What is the thousands digit of 576080941?
0
What is the units digit of 44079274?
4
What is the ten thousands digit of 102163496?
6
What is the hundreds digit of 29312592?
5
What is the units digit of 719444247?
7
What is the millions digit of 1682085?
1
What is the hundred thousands digit of 1938590443?
5
What is the units digit of 2303569?
9
What is the thousands digit of 7842484624?
4
What is the millions digit of 800926466?
0
What is the ten thousands digit of 630795885?
9
What is the thousands digit of 1065570380?
0
What is the hundred thousands digit of 93795406?
7
What is the units digit of 1460186327?
7
What is the hundred millions digit of 3230838179?
2
What is the hundreds digit of 112502153?
1
What is the tens digit of 265521978?
7
What is the tens digit of 2627094928?
2
What is the units digit of 192902434?
4
What is the millions digit of 1275003094?
5
What is the hundreds digit of 77881983?
9
What is the billions digit of 5618707221?
5
What is the hundred millions digit of 1192044750?
1
What is the hundreds digit of 50322347?
3
What is the thousands digit of 162729318?
9
What is the millions digit of 171347779?
1
What is the tens digit of 33180195?
9
What is the ten millions digit of 26215771?
2
What is the units digit of 1711957958?
8
What is the tens digit of 5283795835?
3
What is the thousands digit of 40943261?
3
What is the hundred millions digit of 801933510?
8
What is the ten millions digit of 733886871?
3
What is the hundred thousands digit of 35774771?
7
What is the units digit of 117455690?
0
What is the millions digit of 3387850?
3
What is the millions digit of 834899734?
4
What is the tens digit of 4087151708?
0
What is the billions digit of 3612243008?
3
What is the ten thousands digit of 81779998?
7
What is the ten thousands digit of 117143224?
4
What is the hundreds digit of 91409336?
3
What is the hundreds digit of 454587469?
4
What is the thousands digit of 182051562?
1
What is the ten millions digit of 3016414642?
1
What is the tens digit of 1418765036?
3
What is the units digit of 1923915908?
8
What is the ten thousands digit of 16694170?
9
What is the millions digit of 3265719804?
5
What is the ten thousands digit of 909490508?
9
What is the thousands digit of 517829573?
9
What is the hundred thousands digit of 2919519763?
5
What is the millions digit of 144152734?
4
What is the ten millions digit of 995984615?
9
What is the hundred thousands digit of 1304840458?
8
What is the tens digit of 332850833?
3
What is the hundred thousands digit of 83178044?
1
What is the hundreds digit of 61908569?
5
What is the hundreds digit of 68115761?
7
What is the hundred thousands digit of 2087667574?
6
What is the hundred thousands digit of 16555159?
5
What is the thousands digit of 124866676?
6
What is the ten thousands digit of 1439248096?
4
What is the ten millions digit of 54040587?
5
What is the tens digit of 479855666?
6
What is the ten thousands digit of 1994648048?
4
What is the hundreds digit of 1811359124?
1
What is the units digit of 5987286600?
0
What is the tens digit of 263289947?
4
What is the billions digit of 1435732234?
1
What is the tens digit of 574736731?
3
What is the ten millions digit of 191829313?
9
What is the ten thousands digit of 239727796?
2
What is the ten millions digit of 117652131?
1
What is the tens digit of 20549550?
5
What is the units digit of 31157981?
1
What is the tens digit of 193351689?
8
What is the units digit of 126491550?
0
What is the hundred thousands digit of 724879885?
8
What is the hundred millions digit of 446146329?
4
What is the ten millions digit of 342135692?
4
What is the ten thousands digit of 15816147?
1
What is the units digit of 38353410?
0
What is the hundred thousands digit of 58177573?
1
What is the thousands digit of 45183914?
3
What is the millions digit of 45455058?
5
What is the thousands digit of 614610617?
0
What is the hundreds digit of 15203019?
0
What is the ten millions digit of 538796721?
3
What is the ten millions digit of 4200358146?
0
What is the tens digit of 56687771?
7
What is the ten thousands digit of 21775124?
7
What is the units digit of 322562871?
1
What is the millions digit of 317932854?
7
What is the thousands digit of 51593524?
3
What is the ten thousands digit of 2338155904?
5
What is the ten thousands digit of 556386257?
8
What is the ten millions digit of 22734970?
2
What is the billions digit of 5597068803?
5
What is the ten millions digit of 17283767?
1
What is the ten millions digit of 13630183?
1
What is the tens digit of 45278712?
1
What is the hundreds digit of 926028205?
2
What is the units digit of 35959677?
7
What is the millions digit of 28651585?
8
What is the ten thousands digit of 48461403?
6
What is the tens digit of 39213297?
9
What is the tens digit of 1228361606?
0
What is the thousands digit of 3750912994?
2
What is the millions digit of 39376312?
9
What is the thousands digit of 219736153?
6
What is the hundreds digit of 27240400?
4
What is the ten thousands digit of 704390371?
9
What is the tens digit of 2214356821?
2
What is the ten millions digit of 638495284?
3
What is the hundred thousands digit of 1367486365?
4
What is the millions digit of 2241103299?
1
What is the ten thousands digit of 99333276?
3
What is the millions digit of 23013477?
3
What is the billions digit of 1182045699?
1
What is the units digit of 69650044?
4
What is the hundred millions digit of 274859342?
2
What is the hundreds digit of 7150480?
4
What is the millions digit of 1372697983?
2
What is the millions digit of 49552239?
9
What is the millions digit of 67051079?
7
What is the thousands digit of 8133104592?
4
What is the thousands digit of 168443990?
3
What is the tens digit of 140585647?
4
What is the tens digit of 191817729?
2
What is the ten thousands digit of 148307648?
0
What is the hundred thousands digit of 105379092?
3
What is the hundreds digit of 14772137?
1
What is the ten millions digit of 70454889?
7
What is the thousands digit of 52267672?
7
What is the thousands digit of 425056990?
6
What is the ten thousands digit of 1168841451?
4
What is the hundreds digit of 109420015?
0
What is the units digit of 553076251?
1
What is the units digit of 45558117?
7
What is the thousands digit of 2165562455?
2
What is the thousands digit of 2251024508?
4
What is the thousands digit of 3861686716?
6
What is the ten millions digit of 2482300588?
8
What is the thousands digit of 42703205?
3
What is the hundred thousands digit of 2095193?
0
What is the tens digit of 1488724667?
6
What is the hundreds digit of 676948365?
3
What is the hundreds digit of 24269236?
2
What is the ten thousands digit of 1182190616?
9
What is the hundred thousands digit of 53807361?
8
What is the hundred thousands digit of 2711227495?
2
What is the units digit of 82174782?
2
What is the millions digit of 166439422?
6
What is the hundred thousands digit of 63739675?
7
What is the ten thousands digit of 1526344461?
4
What is the millions digit of 1480725627?
0
What is the hundred millions digit of 777875479?
7
What is the tens digit of 21449888?
8
What is the ten millions digit of 2603413930?
0
What is the units digit of 1945175386?
6
What is the thousands digit of 15474774?
4
What is the millions digit of 34794050?
4
What is the units digit of 3200466079?
9
What is the thousands digit of 4276928846?
8
What is the thousands digit of 652095214?
5
What is the units digit of 4025294476?
6
What is the millions digit of 2588532568?
8
What is the units digit of 361615684?
4
What is the units digit of 105930333?
3
What is the thousands digit of 64097581?
7
What is the units digit of 50792432?
2
What is the units digit of 1180491663?
3
What is the hundreds digit of 2499006478?
4
What is the tens digit of 63799997?
9
What is the ten thousands digit of 46482492?
8
What is the ten millions digit of 2780380978?
8
What is the ten thousands digit of 5972927875?
2
What is the units digit of 2561316830?
0
What is the hundred thousands digit of 314752276?
7
What is the ten thousands digit of 1014834480?
3
What is the thousands digit of 49465354?
5
What is the ten thousands digit of 170217954?
1
What is